True
Is 28387 a composite number?
False
Is 86266 composite?
True
Is 138379 a composite number?
True
Is 28283 a composite number?
False
Is 636917 prime?
True
Is 7993 a composite number?
False
Is 34777 a prime number?
False
Is 96557 composite?
False
Is 5027 a composite number?
True
Is 100649 composite?
False
Is 500363 composite?
False
Is 15493 a prime number?
True
Is 20701 composite?
True
Is 449 composite?
False
Is 17513 composite?
True
Is 9371 prime?
True
Is 1900447 prime?
False
Is 32519 composite?
True
Is 10379 composite?
True
Is 947071 prime?
False
Is 2477 composite?
False
Is 26033 prime?
False
Is 396973 composite?
True
Is 178681 a prime number?
True
Is 673 a prime number?
True
Is 7027 composite?
False
Is 2426511 a composite number?
True
Is 112831 composite?
False
Is 8809 composite?
True
Is 4637 a composite number?
False
Is 100807 a composite number?
True
Is 1537 a composite number?
True
Is 103679 a composite number?
True
Is 136317 a composite number?
True
Is 5209 prime?
True
Is 31883 composite?
False
Is 8859 a prime number?
False
Is 585547 a prime number?
True
Is 53773 composite?
False
Is 191 prime?
True
Is 11105 composite?
True
Is 2501 a prime number?
False
Is 4201 prime?
True
Is 108991 prime?
True
Is 17785 a prime number?
False
Is 90205 a composite number?
True
Is 8663 a composite number?
False
Is 22343 prime?
True
Is 15859 composite?
False
Is 11209 a prime number?
False
Is 80489 prime?
True
Is 13553 prime?
True
Is 17291 a prime number?
True
Is 8347 a prime number?
False
Is 11157 prime?
False
Is 194437 a composite number?
True
Is 31957 a composite number?
False
Is 39409 a prime number?
True
Is 11303 composite?
True
Is 15727 prime?
True
Is 60331 composite?
False
Is 298261 composite?
False
Is 10511 composite?
True
Is 2333 prime?
True
Is 1686287 composite?
False
Is 379 composite?
False
Is 422 a composite number?
True
Is 42591 a composite number?
True
Is 447739 prime?
False
Is 76231 a composite number?
False
Is 115727 prime?
True
Is 4287373 prime?
True
Is 2155 prime?
False
Is 414863 prime?
False
Is 3877 a prime number?
True
Is 71458 prime?
False
Is 7741 prime?
True
Is 4031 composite?
True
Is 1061 a prime number?
True
Is 244078 a prime number?
False
Is 1709 composite?
False
Is 224195 a composite number?
True
Is 182431 prime?
True
Is 2429 prime?
False
Is 403133 a prime number?
True
Is 1067953 composite?
True
Is 2718017 a composite number?
False
Is 250717 prime?
False
Is 38953 composite?
False
Is 18143 a composite number?
False
Is 9755 prime?
False
Is 353257 composite?
True
Is 23531 prime?
True
Is 118297 composite?
False
Is 1244251 composite?
True
Is 8651 a prime number?
False
Is 3665 prime?
False
Is 12138563 a prime number?
True
Is 15559 a prime number?
True
Is 40897 a prime number?
True
Is 80021 prime?
True
Is 129923 a composite number?
True
Is 45643 prime?
False
Is 132445 a composite number?
True
Is 6983 a prime number?
True
Is 111791 prime?
True
Is 13217 prime?
True
Is 284857 prime?
True
Is 15479 a prime number?
False
Is 146033 a prime number?
True
Is 505091 a composite number?
False
Is 10007 prime?
True
Is 29443 a composite number?
False
Is 1703381 prime?
True
Is 82457 a composite number?
False
Is 12509 a composite number?
True
Is 429547 a composite number?
False
Is 7799 composite?
True
Is 907 a composite number?
False
Is 530971 a prime number?
False
Is 15013 a composite number?
False
Is 2741 composite?
False
Is 172901 prime?
False
Is 946681 a composite number?
False
Is 56407 prime?
False
Is 39979 composite?
False
Is 102719 a prime number?
False
Is 176849 prime?
True
Is 30553 a prime number?
True
Is 3551 composite?
True
Is 80167 composite?
False
Is 1060833 a prime number?
False
Is 47239 a composite number?
True
Is 17971 composite?
False
Is 61939 a prime number?
False
Is 143387 a composite number?
False
Is 116353 prime?
False
Is 18479 prime?
False
Is 801341 prime?
True
Is 98113 a prime number?
False
Is 49963 a prime number?
False
Is 970987 composite?
False
Is 90967 a composite number?
True
Is 23089 a composite number?
True
Is 260482 a prime number?
False
Is 844027 a prime number?
False
Is 368021 composite?
False
Is 461711 prime?
False
Is 5143 a composite number?
True
Is 2053514 a composite number?
True
Is 29649 a prime number?
False
Is 215239 a composite number?
False
Is 1361 a composite number?
False
Is 634061 composite?
False
Is 967 composite?
False
Is 31043 a prime number?
False
Is 125261 composite?
False
Is 21293 prime?
False
Is 7121 composite?
False
Is 11389 a prime number?
False
Is 33191 composite?
False
Is 535241 a prime number?
False
Is 3457 prime?
True
Is 6457 prime?
False
Is 2463 composite?
True
Is 13417 prime?
True
Is 33457 a prime number?
True
Is 353543 composite?
True
Is 22409 a composite number?
False
Is 3829 a composite number?
True
Is 6331 a composite number?
True
Is 55745 prime?
False
Is 12262751 a composite number?
False
Is 361159 prime?
True
Is 58763 a prime number?
True
Is 3662 composite?
True
Is 26483 a prime number?
False
Is 937459 a prime number?
True
Is 231661 prime?
True
Is 11179 a composite number?
True
Is 3787 a composite number?
True
Is 55087 a prime number?
False
Is 292997 a prime number?
False
Is 270562 prime?
False
Is 821 composite?
False
Is 73517 composite?
False
Is 553 a composite number?
True
Is 82987 prime?
False
Is 182923 a composite number?
True
Is 331 a composite number?
False
Is 2633 prime?
True
Is 266317 a composite number?
True
Is 1227 a composite number?
True
Is 33253 prime?
False
Is 60619 a composite number?
True
Is 39659 a composite number?
False
Is 35417 a prime number?
False
Is 16619 a prime number?
True
Is 21955 a composite number?
True
Is 267959 a composite number?
False
Is 5623 composite?
False
Is 5189 composite?
False
Is 1709 prime?
True
Is 25295 prime?
False
Is 11665 composite?
True
Is 160441 a prime number?
True
Is 389271 a prime number?
False
Is 130399 prime?
True
Is 377303 a prime number?
False
Is 500551 composite?
True
Is 14567 a prime number?
False
Is 68559 a composite number?
True
Is 100927 a prime number?
True
Is 204095 a composite number?
True
Is 34967 composite?
True
Is 2245349 a prime number?
False
Is 1651 a prime number?
False
Is 20177 a prime number?
True
Is 368189 a prime number?
True
Is 16097 a composite number?
False
Is 2064982 prime?
False
Is 198719 composite?
False
Is 68351 a prime number?
True
Is 61051 a prime number?
True
Is 60077 prime?
True
Is 211447 prime?
False
Is 13751 composite?
False
Is 19939 composite?
True
Is 2433 composite?
True
Is 5947 prime?
False
Is 5279453 prime?
True
Is 23099 prime?
True
Is 180667 prime?
True
Is 47189 prime?
True
Is 83339 composite?
False
Is 4591 composite?
False
Is 1173641 a prime number?
False
Is 58381 composite?
True
Is 111 a composite number?
True
Is 828098 prime?
False
Is 48463 prime?
True
Is 128903 prime?
True
Is 128587 a composite number?
True
Is 1986373 prime?
True
Is 4681 a composite number?
True
Is 50885 a prime number?
False
Is 26293 a composite number?
False
Is 2231 composite?
True
Is 1179961 composite?
False
Is 55267 composite?
True
Is 6619 prime?
True
Is 197249 prime?
False
Is 1035107 composite?
False
Is 6971 prime?
True
Is 350153 prime?
False
Is 1895 a prime number?
False
Is 82387 a prime number?
True
Is 18227 prime?
False
Is 27871 a composite number?
True
Is 2438111 prime?
False
Is 509969 composite?
True
Is 5737 a prime number?
True
Is 285193 a prime number?
False
Is 7123 prime?
False
Is 611 a composite number?
True
Is 26813 a composite number?
False
Is 50821 prime?
True
Is 478462 prime?
False
Is 172997 a prime number?
False
Is 152603 composite?
True
Is 431 prime?
True
Is 2797 a prime number?
True
Is 286243 a prime number?
True
Is 155387 prime?
True
Is 41381 a prime number?
True
Is 103186 composite?
True
Is 38987 composite?
True
Is 316619 composite?
True
Is 119345 a prime number?
False
Is 89689 a prime number?
True
Is 764717 composite?
False
Is 16621 composite?
True
Is 53309 composite?
False
Is 353999 a composite number?
True
Is 68023 composite?
False
Is 27598 composite?
True
Is 23167 composite?
False
Is 815251 prime?
True
Is 211771 a prime number?
False
Is 535 a prime number?
False
Is 42043 a composite number?
False
Is 597889 a composite number?
False
Is 17273 composite?
True
Is 359207 a composite number?
False
Is 255331